0 - -45. Suppose -15 = 2*b - 49. Calculate the remainder when b is divided by p.
2
Let m be 3 + (3 - 2) + -3. Calculate the remainder when 4/(1/m) - -3 is divided by 4.
3
Let b(y) = -y**2 + 4*y - 1. Let h be b(3). Suppose -h*n + 0 = -42. What is the remainder when 40 is divided by n?
19
Suppose -5*o = -3*r - 2*o + 225, 4*r - 285 = -o. Calculate the remainder when r is divided by 37.
35
Suppose 5*g = 3*v - 3, 3*g + 2*g = -5*v + 5. Suppose -2*a + 9 - 3 = g. What is the remainder when 7 is divided by a?
1
What is the remainder when 15 is divided by ((-12)/8)/(3/(-18))?
6
Suppose 4*r - 20 = -0*r. Calculate the remainder when 9 is divided by r.
4
Suppose -5*v = -162 + 32. Calculate the remainder when v is divided by 7.
5
Let p(b) = -9*b - 2. Let c be p(-2). Let w = 2 + -2. Suppose 2*d - 6 - c = w. What is the remainder when 20 is divided by d?
9
Suppose 19*y = 17*y + 36. What is the remainder when 64 is divided by y?
10
Suppose 10*q - 146 = -26. Suppose -4*a = -a - 21. Calculate the remainder when q is divided by a.
5
Let b be 1 - (-64 - (1 + 1)). Suppose 3*f - b - 38 = 0. Suppose -2*a = -9 - f. What is the remainder when a is divided by 8?
6
Let h(d) = d**2 + 2*d + 177. Calculate the remainder when h(0) is divided by 36.
33
Suppose 5*l = -3*g + 32, g + l = -3*g + 20. Suppose -3*t - 3*r + 12 = 0, 2*t + 2*r = t + 4. Let j = 10 - t. Calculate the remainder when j is divided by g.
2
Let k = 52 - -15. Suppose -5*l - 4*c = -106, 4*l - 5*c - k + 15 = 0. What is the remainder when l is divided by (-2)/2 + (-11)/(-1)?
8
Suppose 0 = -i + t + 38 - 11, 4*t = 5*i - 139. Suppose 0 = 2*o - 4*s - 30, 0 = -0*o - 2*o + 5*s + i. Calculate the remainder when 24 is divided by o.
11
Suppose t + 4*m - 75 = 0, -285 = -2*t - 3*t - 2*m. What is the remainder when t is divided by 30?
25
Let p(i) = -i**2 + 7*i + 5. Let u be p(5). Let m = -4 + u. Let o = -13 - -33. What is the remainder when o is divided by m?
9
Let r(v) = 11*v**3 - 3*v**2 + v + 3. What is the remainder when r(2) is divided by 28?
25
Let b = 9 - 3. Let q(y) = -4*y**2 - 38*y - 8. Calculate the remainder when q(-9) is divided by b.
4
Suppose -2*s + 12 = s. Suppose 0 = 4*h + s - 0. Calculate the remainder when 25 is divided by (9/(-4))/(h/4).
7
Let r(m) be the third derivative of m**5/60 + 5*m**4/24 - 3*m**3/2 + 10*m**2. What is the remainder when r(9) is divided by 30?
27
Suppose -d = 3*d - 56. What is the remainder when d is divided by 4?
2
Calculate the remainder when ((-292)/10)/(8/(-20)) is divided by 19.
16
What is the remainder when (-4)/(-22) + (-3768)/(-88) is divided by 16?
11
Suppose 3*u + 4*g - 331 = 0, 4*u - g = 125 + 310. Calculate the remainder when u is divided by 28.
25
Let q(s) = s**2 + 3*s - 1. Calculate the remainder when q(-5) is divided by ((-2)/4)/(-1 + 11/12).
3
Suppose 2*j = j + 1. Calculate the remainder when j is divided by 1.
0
Let q = 36 - 88. What is the remainder when (5 + -1)*q/(-8) is divided by 9?
8
Suppose 5*x - 21 = x + n, -x + n + 9 = 0. Calculate the remainder when 9 is divided by x.
1
Suppose -14 + 2 = -2*q. What is the remainder when 23 is divided by q?
5
Let x be ((-9)/6)/((-6)/16). Suppose -4*p - 17 = -5*c, 2*p = c - 1 - 0. Suppose -c = t, 5*y + 2*t = x*t + 105. Calculate the remainder when y is divided by 10.
9
Let h = 2 + -2. Suppose 0 = 2*q + 3*q + 4*i - 24, -3*i + 3 = h. Suppose 5*n = -5*b + 95, 3*b - 8*b + 68 = -q*n. Calculate the remainder when b is divided by 6.
4
What is the remainder when 90/36*(-12)/(-5) is divided by 5?
1
Let v be (5 + -1)/((-2)/17). Let w = -18 - v. Suppose 0 = 5*y + 10, -y + 2*y + w = 2*s. Calculate the remainder when s is divided by 3.
1
Let o be (3/2)/(2/(-4)). Let y(v) = -20*v. Let d be y(o). Suppose 4*k = k + d. Calculate the remainder when k is divided by 11.
9
Let w be 6/4*(0 - -2). Suppose 0 = -w*u + 40 + 14. What is the remainder when 34 is divided by u?
16
Let d(v) = -v**2 + 2*v + 11. Let q be d(5). Calculate the remainder when 39 is divided by q/10 - (-936)/65.
11
Suppose 3*k - 179 + 47 = 0. Suppose n + 24 + 10 = 0. Let v = n + 49. What is the remainder when k is divided by v?
14
Let v(a) = a**2 + 7*a - 4. Suppose -21 = 5*i + 19. Let r be v(i). Suppose -5*x + 14 = 5*y - 106, 8 = r*x. Calculate the remainder when y is divided by 8.
6
Let j = -6 + 11. Let u = 7 - j. Suppose u*k = 3*x + 16 - 86, 3*k = 5*x - 117. What is the remainder when x is divided by 9?
6
Let b = 24 + -12. Let u = b - -11. What is the remainder when u is divided by 12?
11
Let a(u) = u + 8. Let t be a(-7). Let q = t + 3. Calculate the remainder when 7 is divided by q.
3
Suppose -4*w + 814 = -3*c + c, -2*w - c + 397 = 0. What is the remainder when w is divided by 51?
48
Let x = 17 + -16. Calculate the remainder when 3 is divided by x.
0
Let q(d) = 7*d**3 + 4 - 5*d**2 - 8*d**3 - 5*d + 0*d**3. Calculate the remainder when 13 is divided by q(-4).
5
Let s(t) = -6*t - 10. Calculate the remainder when 54 is divided by s(-4).
12
Calculate the remainder when 135 is divided by 4/(20/25)*(-34)/(-5).
33
Let j = 2 - 1. What is the remainder when 67 is divided by -17*-1*(j + 0)?
16
Let n be 1*-1*(6 + -8). Suppose -2 = -n*o + 12. Suppose 2*q = 2*l + 83 + o, -2*q = -4*l - 94. What is the remainder when q is divided by 23?
20
Let u = 96 + -87. Calculate the remainder when u is divided by 6.
3
Let z be -1 + (0 - 2) + 2. Let k be -2 + (z - -1) + 21. Let f = k + -11. What is the remainder when 23 is divided by f?
7
Let s = -3 + 56. Calculate the remainder when s is divided by 28.
25
Let y(r) = r**2 - 4*r - 5. Calculate the remainder when y(8) is divided by 10.
7
Let b = -2 - -4. Suppose 33 + 43 = b*o. What is the remainder when o is divided by 13?
12
Let q = 101 + 23. Suppose 0 = 4*l + 3*u - 347, -5*u = 3*l - 125 - 149. Let p = q - l. Calculate the remainder when p is divided by 14.
13
Let r(t) = t - 2. Let h be r(-9). Let x = h - -15. Suppose -s + 5 = -3*c, -3*c + 100 = x*s + c. What is the remainder when 38 is divided by s?
18
Let x = -6 + 17. Let j = -35 - -77. Calculate the remainder when j is divided by x.
9
Suppose 0 = k - 6*k + 115. Calculate the remainder when k is divided by 7.
2
Let s(n) = -n + 7. Let w(h) be the third derivative of h**5/3 + h**3/6 - 2*h**2. Calculate the remainder when w(1) is divided by s(-5).
9
Let t(a) = a**3 + 3*a**2 - 6*a - 5. Let o be t(-4). Let q(x) = 2*x**2 + 5*x - 1. Calculate the remainder when q(-6) is divided by 6/(-9)*o + 23.
20
Suppose 11*u - 17*u = -60. What is the remainder when u is divided by 4?
2
Suppose -a - 50 = -2*a. Let y be 2/(-4) + (-1)/2. Let i = y + 18. What is the remainder when a is divided by i?
16
Suppose -16 + 0 = -4*t. Suppose u + t*u - 51 = 3*n, n = 3. Calculate the remainder when 46 is divided by u.
10
Let j be 1/(-2)*2 - -15. Suppose 0 = 3*r - r - j. What is the remainder when r is divided by 3?
1
Let a = 2 - 7. Let s(l) = -l**2 - 5*l + 2. Let w be s(a). Calculate the remainder when 2*(3 + w/(-4)) is divided by 2.
1
Let k(c) = 3*c**3 - c + 1. Let q be k(-2). Let f = q + 30. Let z(p) = 5*p**2 - 4*p + 5. What is the remainder when z(2) is divided by f?
8
Let j(f) = 2 + 4 - f - 12*f. Let d(o) = 39*o - 17. Let y(a) = 6*d(a) + 17*j(a). What is the remainder when 38 is divided by y(1)?
12
Let g = -4 - -5. Let z = 2 - g. Calculate the remainder when 23*((z - 2) + 2) is divided by 12.
11
Let t(x) = x**2 + 5*x. Let g be t(-5). Suppose 2*c + 0 - 6 = g. Calculate the remainder when c is divided by 2.
1
Let f be 184/10 + 2/(-5). Suppose -h + f = h. Suppose -2*s - a = -26 - 11, -5*s + 5*a + 70 = 0. What is the remainder when s is divided by h?
8
Let q(l) = l**2 - 1. Let g be q(-2). Suppose d - 72 = -g*d. What is the remainder when d is divided by 10?
8
Let q = 11 + -7. Suppose 7*k + 3*o = 4*k + 42, -40 = -q*k + 4*o. Let s = -4 + k. What is the remainder when 21 is divided by s?
5
Suppose 34 = 5*v - 136. What is the remainder when 100 is divided by v?
32
Let s(p) = p**3 + 22*p**2 - 50*p - 26. What is the remainder when 42 is divided by s(-24)?
20
Let d = 31 - -13. Suppose -2*p + l + 13 + d = 0, 3*p + 5*l = 53. Calculate the remainder when 75 is divided by p.
23
Suppose -4*d - 9 + 37 = c, -3*d + 164 = 4*c. Calculate the remainder when c is divided by 17.
10
Let x = 122 - 72. What is the remainder when (-2)/(-2*(-1)/(-22)) is divide